 17, 19
What are the prime factors of 7312?
2, 457
List the prime factors of 2671.
2671
What are the prime factors of 20266?
2, 10133
List the prime factors of 2379.
3, 13, 61
List the prime factors of 926.
2, 463
What are the prime factors of 2909?
2909
List the prime factors of 23698.
2, 17, 41
What are the prime factors of 78223?
19, 23, 179
What are the prime factors of 5089?
7, 727
What are the prime factors of 5688?
2, 3, 79
List the prime factors of 11531.
13, 887
List the prime factors of 2095.
5, 419
What are the prime factors of 817?
19, 43
What are the prime factors of 27519?
3, 9173
What are the prime factors of 28367?
19, 1493
What are the prime factors of 987?
3, 7, 47
What are the prime factors of 321?
3, 107
List the prime factors of 25912.
2, 41, 79
What are the prime factors of 7869?
3, 43, 61
List the prime factors of 47884.
2, 11971
What are the prime factors of 10239?
3, 3413
What are the prime factors of 45765?
3, 5, 113
List the prime factors of 1262.
2, 631
What are the prime factors of 13096?
2, 1637
What are the prime factors of 94499?
53, 1783
List the prime factors of 3186.
2, 3, 59
What are the prime factors of 261?
3, 29
List the prime factors of 4580.
2, 5, 229
What are the prime factors of 402?
2, 3, 67
List the prime factors of 182041.
182041
List the prime factors of 47903.
47903
List the prime factors of 11549.
11549
List the prime factors of 67534.
2, 33767
List the prime factors of 1354.
2, 677
What are the prime factors of 1297?
1297
What are the prime factors of 7528?
2, 941
What are the prime factors of 28601?
37, 773
List the prime factors of 11042.
2, 5521
What are the prime factors of 13769?
7, 281
List the prime factors of 6218.
2, 3109
What are the prime factors of 1255?
5, 251
List the prime factors of 2944.
2, 23
List the prime factors of 13158.
2, 3, 17, 43
List the prime factors of 1677.
3, 13, 43
List the prime factors of 383.
383
List the prime factors of 527.
17, 31
List the prime factors of 1744.
2, 109
What are the prime factors of 390?
2, 3, 5, 13
List the prime factors of 117.
3, 13
What are the prime factors of 2151?
3, 239
What are the prime factors of 2031?
3, 677
List the prime factors of 5265.
3, 5, 13
What are the prime factors of 6090?
2, 3, 5, 7, 29
What are the prime factors of 86236?
2, 21559
What are the prime factors of 9644?
2, 2411
What are the prime factors of 4542?
2, 3, 757
What are the prime factors of 38270?
2, 5, 43, 89
What are the prime factors of 542?
2, 271
List the prime factors of 22138.
2, 11069
What are the prime factors of 84528?
2, 3, 587
What are the prime factors of 13733?
31, 443
List the prime factors of 1182.
2, 3, 197
List the prime factors of 293.
293
What are the prime factors of 123693?
3, 41231
List the prime factors of 185885.
5, 7, 47, 113
List the prime factors of 38715.
3, 5, 29, 89
List the prime factors of 147947.
197, 751
List the prime factors of 771.
3, 257
List the prime factors of 6658.
2, 3329
What are the prime factors of 8201?
59, 139
What are the prime factors of 1629?
3, 181
What are the prime factors of 7835?
5, 1567
What are the prime factors of 85184?
2, 11
What are the prime factors of 263?
263
What are the prime factors of 34918?
2, 13, 17, 79
List the prime factors of 66.
2, 3, 11
List the prime factors of 1631.
7, 233
List the prime factors of 1137.
3, 379
What are the prime factors of 2122?
2, 1061
What are the prime factors of 20769?
3, 7, 23, 43
List the prime factors of 1572.
2, 3, 131
List the prime factors of 73874.
2, 43, 859
List the prime factors of 911.
911
What are the prime factors of 565?
5, 113
List the prime factors of 11671.
11, 1061
List the prime factors of 901.
17, 53
What are the prime factors of 23320?
2, 5, 11, 53
List the prime factors of 11.
11
List the prime factors of 3051.
3, 113
List the prime factors of 7104.
2, 3, 37
What are the prime factors of 3558?
2, 3, 593
List the prime factors of 799.
17, 47
List the prime factors of 2764.
2, 691
What are the prime factors of 8866?
2, 11, 13, 31
What are the prime factors of 6354?
2, 3, 353
What are the prime factors of 1147?
31, 37
List the prime factors of 63311.
63311
What are the prime factors of 1827?
3, 7, 29
What are the prime factors of 47078?
2, 23539
List the prime factors of 3015.
3, 5, 67
List the prime factors of 6742.
2, 3371
List the prime factors of 66815.
5, 7, 23, 83
List the prime factors of 17622.
2, 3, 11, 89
List the prime factors of 2128.
2, 7, 19
List the prime factors of 1371.
3, 457
List the prime factors of 83236.
2, 20809
List the prime factors of 34525.
5, 1381
What are the prime factors of 23826?
2, 3, 11, 19
List the prime factors of 4635.
3, 5, 103
List the prime factors of 5652.
2, 3, 157
List the prime factors of 733.
733
What are the prime factors of 79741?
23, 3467
What are the prime factors of 9431?
9431
List the prime factors of 510.
2, 3, 5, 17
What are the prime factors of 5112?
2, 3, 71
What are the prime factors of 1835?
5, 367
List the prime factors of 937.
937
List the prime factors of 21325.
5, 853
List the prime factors of 67440.
2, 3, 5, 281
What are the prime factors of 20705?
5, 41, 101
List the prime factors of 75590.
2, 5, 7559
List the prime factors of 1711.
29, 59
List the prime factors of 2208.
2, 3, 23
What are the prime factors of 2105?
5, 421
List the prime factors of 29039.
71, 409
What are the prime factors of 965?
5, 193
List the prime factors of 6796.
2, 1699
What are the prime factors of 100948?
2, 25237
What are the prime factors of 46144?
2, 7, 103
List the prime factors of 8527.
8527
List the prime factors of 3247.
17, 191
What are the prime factors of 3500?
2, 5, 7
What are the prime factors of 1936?
2, 11
What are the prime factors of 69097?
7, 9871
List the prime factors of 7083.
3, 787
What are the prime factors of 1640?
2, 5, 41
What are the prime factors of 2809?
53
What are the prime factors of 649?
11, 59
List the prime factors of 58278.
2, 3, 11, 883
What are the prime factors of 853?
853
List the prime factors of 1735.
5, 347
What are the prime factors of 3307?
3307
What are the prime factors of 444?
2, 3, 37
List the prime factors of 181156.
2, 45289
List the prime factors of 5395.
5, 13, 83
What are the prime factors of 3016?
2, 13, 29
List the prime factors of 238.
2, 7, 17
What are the prime factors of 1459?
1459
List the prime factors of 201.
3, 67
List the prime factors of 2348.
2, 587
What are the prime factors of 68408?
2, 17, 503
List the prime factors of 2731.
2731
List the prime factors of 3321.
3, 41
What are the prime factors of 5904?
2, 3, 41
What are the prime factors of 47907?
3, 5323
What are the prime factors of 11104?
2, 347
List the prime factors of 3206.
2, 7, 229
List the prime factors of 4988.
2, 29, 43
List the prime factors of 1883.
7, 269
List the prime factors of 1276.
2, 11, 29
What are the prime factors of 91237?
91237
What are the prime factors of 13044?
2, 3, 1087
What are the prime factors of 2727?
3, 101
What are the prime factors of 926?
2, 463
What are the prime factors of 4348?
2, 1087
List the prime factors of 5464.
2, 683
What are the prime factors of 1309?
7, 11, 17
List the prime factors of 214.
2, 107
What are the prime factors of 1508?
2, 13, 29
List the prime factors of 11551.
11551
List the prime factors of 2765.
5, 7, 79
List the prime factors of 267.
3, 89
List the prime factors of 9582.
2, 3, 1597
What are the prime factors of 21583?
113, 191
What are the prime factors of 2442?
2, 3, 11, 37
What are the prime factors of 14220?
2, 3, 5, 79
What are the prime factors of 1319?
1319
What are the prime factors of 573?
3, 191
List the prime factors of 6326.
2, 3163
List the prime factors of 6118.
2, 7, 19, 23
List the prime factors of 901.
17, 53
What are the prime factors of 1466?
2, 733
List the prime factors of 3663.
3, 11, 37
List the prime factors of 145471.
145471
List the prime factors of 2465.
5, 17, 29
List the prime factors of 1403.
23, 61
List the prime factors of 19889.
19889
List the prime factors of 20632.
2, 2579
What are the prime factors of 8352?
2, 3, 29
What are the prime factors of 17517?
3, 5839
What are the prime factors of 11133?
3, 1237
What are the prime factors of 6405?
3, 5, 7, 61
What are the prime factors of 